{"id":795,"date":"2024-02-27T18:11:46","date_gmt":"2024-02-27T17:11:46","guid":{"rendered":"https:\/\/www.univ-orleans.fr\/lifo\/equipes\/lmv\/?page_id=795"},"modified":"2026-01-24T19:17:34","modified_gmt":"2026-01-24T18:17:34","slug":"jobs","status":"publish","type":"page","link":"https:\/\/www.univ-orleans.fr\/lifo\/equipes\/lmv\/index.php\/jobs\/","title":{"rendered":"Jobs"},"content":{"rendered":"\n<h2 class=\"wp-block-heading\"><mark style=\"background-color:rgba(0, 0, 0, 0)\" class=\"has-inline-color has-bright-blue-color\"><strong>Open Positions<\/strong><\/mark><\/h2>\n\n\n\n<h3 class=\"wp-block-heading\">Postdoctoral Researcher or Research Engineer <\/h3>\n\n\n\n<p>A postdoctoral position is open in the context of the <a href=\"https:\/\/for-coala.github.io\/\">ForCoaLa<\/a>\u00a0 project. Application <a href=\"https:\/\/www.univ-orleans.fr\/fr\/univ\/universite\/travailler-luniversite\/personnels-chercheurs-contractuels-et-post-doctorants\/offres\" data-type=\"link\" data-id=\"https:\/\/www.univ-orleans.fr\/fr\/univ\/universite\/travailler-luniversite\/personnels-chercheurs-contractuels-et-post-doctorants\/offres\">here<\/a> (&#8220;Post-doctorant \/ Ing\u00e9nieur de recherche en m\u00e9thodes formelles appliqu\u00e9s aux langages de gestion de configurations F\/H&#8221;)<\/p>\n\n\n\n<h3 class=\"wp-block-heading\">Ma\u00eetre.sse de conf\u00e9rences at the University of Orl\u00e9ans (IUT 45) <\/h3>\n\n\n\n<p>Un poste de ma\u00eetre\u2e31sse de conf\u00e9rences&nbsp;<strong>(section CNU 27)<\/strong>&nbsp;va \u00eatre ouvert \u00e0 l\u2019Universit\u00e9 d\u2019Orl\u00e9ans dans le cadre de la campagne synchronis\u00e9e 2026, avec une prise de fonction pr\u00e9vue au 1er septembre 2026. Le poste est rattach\u00e9 en<strong>recherche \u00e0 l\u2019\u00e9quipe Langages, Mod\u00e9lisation, V\u00e9rification (LMV)<\/strong>&nbsp;du Laboratoire d\u2019Informatique Fondamentale d\u2019Orl\u00e9ans&nbsp;<strong>(LIFO, UR 4022)<\/strong>, et affect\u00e9 pour&nbsp;<strong>l\u2019enseignement au d\u00e9partement Informatique de l\u2019IUT d\u2019Orl\u00e9ans<\/strong>.<br>Le profil sera publi\u00e9 officiellement sur l\u2019application ODYSSEE lors de l\u2019ouverture de la campagne.<\/p>\n\n\n\n<p><strong>Recherche<\/strong><br>En recherche, l\u2019int\u00e9gration se fera au sein de l\u2019\u00e9quipe LMV du LIFO. Les travaux de l\u2019\u00e9quipe portent sur les m\u00e9thodes formelles, la mod\u00e9lisation, la v\u00e9rification, ainsi que sur la fiabilit\u00e9 et la s\u00e9curit\u00e9 des logiciels, notamment dans le contexte des syst\u00e8mes r\u00e9actifs, distribu\u00e9s et de l\u2019Internet des objets. Les approches mobilis\u00e9es couvrent notamment la\u00a0<strong>v\u00e9rification d\u00e9ductive<\/strong>, les\u00a0<strong>syst\u00e8mes de r\u00e9\u00e9criture<\/strong>, l\u2019<strong>analyse statique<\/strong>, la\u00a0<strong>v\u00e9rification dynamique<\/strong>\u00a0et la combinaison de techniques. Une grande partie des travaux s\u2019appuie sur l\u2019<strong>assistant de preuve Rocq<\/strong>, utilis\u00e9 pour g\u00e9n\u00e9rer du code certifi\u00e9 lorsque cela est pertinent ou, a minima, pour renforcer la confiance dans les r\u00e9sultats obtenus.<\/p>\n\n\n\n<p>Le poste vise \u00e0 renforcer les th\u00e9matiques de l\u2019\u00e9quipe LMV. Les candidat\u00b7e\u00b7s devront avoir d\u00e9montr\u00e9 une expertise dans une ou plusieurs m\u00e9thodes formelles et proposer un projet d\u2019int\u00e9gration montrant leur capacit\u00e9 \u00e0 contribuer aux travaux en cours de l\u2019\u00e9quipe.<\/p>\n\n\n\n<p>Web de l\u2019\u00e9quipe :\u00a0<a href=\"https:\/\/www.univ-orleans.fr\/lifo\/equipes\/lmv\" target=\"_blank\" rel=\"noreferrer noopener\">https:\/\/www.univ-orleans.fr\/lifo\/equipes\/lmv<\/a><\/p>\n\n\n\n<p><strong>Enseignement\u00a0<br><\/strong>Le profil d\u2019enseignement concerne principalement la formation BUT Informatique (formation initiale et par apprentissage). La personne recrut\u00e9e devra pouvoir intervenir dans au moins deux des domaines suivants :<\/p>\n\n\n\n<ul class=\"wp-block-list\">\n<li>Architecture, syst\u00e8mes et r\u00e9seaux,<\/li>\n\n\n\n<li>Algorithmique et programmation,<\/li>\n\n\n\n<li>Bases de donn\u00e9es et aide \u00e0 la d\u00e9cision,<\/li>\n\n\n\n<li>D\u00e9veloppement web et mobile.<\/li>\n<\/ul>\n\n\n\n<p><strong>Contacts<\/strong><br>Pour l\u2019enseignement : Guillaume Cleuziou, adjoint au chef du d\u00e9partement Informatique de l\u2019IUT d\u2019Orl\u00e9ans<br>Pour la recherche : <br>&#8211; Pascal Berthom\u00e9, professeur, directeur adjoint du LIFO<br>&#8211; Jolan Philippe, ma\u00eetre de conf\u00e9rences, \u00e9quipe LMV<\/p>\n\n\n\n<h1 class=\"wp-block-heading\"><mark style=\"background-color:rgba(0, 0, 0, 0)\" class=\"has-inline-color has-bright-blue-color\"><strong>Past Offers<\/strong><\/mark><\/h1>\n\n\n\n<h3 class=\"wp-block-heading\">Part Time Engineer Position<\/h3>\n\n\n\n<p>7 months Engineer position in the For-CoaLa project. Deadline for <a href=\"https:\/\/www.univ-orleans.fr\/lifo\/equipes\/lmv\/documents\/IE_UO_2025_For-CoaLa.pdf\">application<\/a>: October 13, 2025.<\/p>\n\n\n\n<h3 class=\"wp-block-heading\">May 2025 Phd Funding \/ Financement de th\u00e8se<\/h3>\n\n\n\n<ul class=\"wp-block-list\">\n<li>In collaboration with CEA (job location: CEA List, Saclay)&nbsp;<em><a href=\"https:\/\/julien-signoles.fr\/positions\/phd-multistate-rac.pdf\">Runtime Verification of Multistate Properties<\/a><\/em>, supervisors: Julien Signoles,&nbsp;Jan Rochel,&nbsp;Fr\u00e9d\u00e9ric Loulergue.<\/li>\n\n\n\n<li>In collaboration with Thales (job location: Thales Research &amp; Technology, Saclay), <em>V\u00e9rification de modules critiques d&#8217;hyperviseur avec la prise en compte des propri\u00e9t\u00e9s mat\u00e9rielles<\/em>, supervisors: Nikolai Kosmatov, Fr\u00e9d\u00e9ric Loulergue<\/li>\n<\/ul>\n\n\n\n<h3 class=\"wp-block-heading\">April 2025 <br>Ma\u00eetre.sse de conf\u00e9rences<\/h3>\n\n\n\n<p class=\"has-bright-blue-color has-text-color\"><mark style=\"background-color:rgba(0, 0, 0, 0)\" class=\"has-inline-color has-dark-gray-color\"><strong>Concours 2025 :<\/strong>&nbsp;poste de&nbsp;<a href=\"https:\/\/www.univ-orleans.fr\/lifo\/equipes\/lmv\/Campagne2025_Profil_Poste_MCF_Section27_UFR-ST_LIFO_LMV.pdf\">Ma\u00eetre de conf\u00e9rences<\/a> susceptible d&#8217;\u00eatre ouvert au concours dans l&#8217;\u00e9quipe LMV<\/mark><\/p>\n\n\n\n<h3 class=\"wp-block-heading\">March 2025 <br>Ing\u00e9nieur de recherche CDD 12 mois, LIFO, Orl\u00e9ans: V\u00e9rification Dynamique de propri\u00e9t\u00e9s de S\u00e9curit\u00e9<\/h3>\n\n\n\n<p><strong>Le projet V\u00e9DySec<\/strong><\/p>\n\n\n\n<p>Le poste est ouvert dans le cadre du projet collaboratif ASTRID Maturation V\u00e9DySec (https:\/\/anr.fr\/Projet-ANR-24-ASM2-0001) r\u00e9unissant le LIFO, Universit\u00e9 d&#8217;Orl\u00e9ans (https:\/\/www.univ-orleans.fr\/lifo), le CEA List (https:\/\/list.cea.fr\/en\/) et Thales (https:\/\/www.thalesgroup.com\/en).<\/p>\n\n\n\n<p>Les menaces de s\u00e9curit\u00e9 sont devenues une pr\u00e9occupation majeure dans les derni\u00e8res ann\u00e9es. Une faille de s\u00e9curit\u00e9 peut \u00eatre exploit\u00e9e par des attaquants et leur permettre de r\u00e9cup\u00e9rer des<br>\ndonn\u00e9es confidentielles (donn\u00e9es personnelles, m\u00e9dicales ou bancaires ; secrets industriels ou d\u00e9fense ; clefs de chiffrement, etc.), d\u2019avoir acc\u00e8s aux services sans y \u00eatre autoris\u00e9s, ou de<br>\nmodifier ou corrompre des donn\u00e9es sensibles dans un objectif malveillant (usurpation d\u2019identit\u00e9, espionnage, contournement des contr\u00f4les d\u2019acc\u00e8s, volont\u00e9 de nuisance, guerres hybrides, attentats, etc.).<\/p>\n\n\n\n<p>Les techniques de v\u00e9rification statique formelle, notamment par interpr\u00e9tation abstraite ou par v\u00e9rification d\u00e9ductive, peuvent permettre de d\u00e9montrer l\u2019absence de vuln\u00e9rabilit\u00e9s dans un logiciel. Cependant, ces techniques restent complexes \u00e0 appliquer sur des logiciels industriels. En effet, leurs applications n\u00e9cessitent une expertise tr\u00e8s pointue et demande beaucoup de temps, ce qui engendre un co\u00fbt tr\u00e8s \u00e9lev\u00e9. Dans ce contexte, d\u00e9velopper des techniques de v\u00e9rification dynamique de propri\u00e9t\u00e9s de s\u00e9curit\u00e9 \u2014 plus facile et plus rapide \u00e0 utiliser que la v\u00e9rification statique \u2014 est n\u00e9cessaire pour pouvoir appliquer ces techniques \u00e0 un plus large spectre de projets. La maturation de ces techniques permettra de s\u00e9curiser un plus grand nombre de produits, de r\u00e9duire le nombre de failles de s\u00e9curit\u00e9 et par cons\u00e9quent de diminuer les risques d\u2019attaques sur les logiciels concern\u00e9s.<\/p>\n\n\n\n<p>Le principal objectif du projet V\u00e9DySec est la maturation de l\u2019outillage et la consolidation des m\u00e9thodologies d\u2019application pour la sp\u00e9cification et la v\u00e9rification dynamique de propri\u00e9t\u00e9s de s\u00e9curit\u00e9 afin d\u2019amener cette technologie au TRL 6.<\/p>\n\n\n\n<p><strong>Dipl\u00f4mes et comp\u00e9tences requis<\/strong><\/p>\n\n\n\n<ul class=\"wp-block-list\">\n<li>Master ou doctorat (soutenu ou \u00e0 soutenir prochainement) en informatique<\/li>\n\n\n\n<li>Comp\u00e9tences en v\u00e9rification d\u00e9ductive, de pr\u00e9f\u00e9rence de programmes C<\/li>\n\n\n\n<li>Comp\u00e9tences en v\u00e9rification dynamique, de pr\u00e9f\u00e9rence de programmes C<\/li>\n\n\n\n<li>Comp\u00e9tences en programmation fonctionnelle, de pr\u00e9f\u00e9rence en OCaml<\/li>\n\n\n\n<li>Capacit\u00e9 de communication et de travail en \u00e9quipe<\/li>\n\n\n\n<li>Anglais professionnel (oral et \u00e9crit)<\/li>\n<\/ul>\n\n\n\n<p>Le poste est disponible imm\u00e9diatement, les candidatures seront examin\u00e9es jusqu&#8217;\u00e0 ce qu&#8217;un recrutement soit r\u00e9alis\u00e9. <\/p>\n\n\n\n<p>Toute question et les candidatures (CV acad\u00e9mique et les coordonn\u00e9es de deux personnes pouvant fournir une recommandation) sont \u00e0 envoyer \u00e0 Frederic Loulergue (Frederic.Loulergue@univ-orleans.fr).<\/p>\n\n\n\n<h3 class=\"wp-block-heading\">June 2024<\/h3>\n\n\n\n<p>L\u2019universit\u00e9 d\u2019Orl\u00e9ans propose actuellement un poste d\u2019enseignant-chercheur contractuel en informatique, avec prise de poste au 01\/10\/2024.<\/p>\n\n\n\n<p>Le service d\u2019enseignement s\u2019effectuera en priorit\u00e9 au d\u00e9partement d\u2019informatique de l\u2019UFR Sciences et Techniques.<br>L\u2019int\u00e9gration en recherche s\u2019effectuera dans l\u2019une des \u00e9quipes du laboratoire LIFO (<a href=\"https:\/\/www.univ-orleans.fr\/lifo\/\">https:\/\/www.univ-orleans.fr\/lifo\/<\/a>) dans l\u2019une de ces \u00e9quipes : CA : Contraintes et Apprentissage (IA); GAMoC : Graphes, Algorithmes, et Mod\u00e8les de Calcul; LMV : Langages, Mod\u00e9lisation et V\u00e9rification; Pamda : Parall\u00e9lisme et gestion de donn\u00e9es (Big Data).<\/p>\n\n\n\n<p>Ce poste offre une opportunit\u00e9 \u00e0 un docteur d\u2019enrichir son exp\u00e9rience de recherche et d\u2019enseignement. Nous cherchons des candidats pouvant s\u2019int\u00e9grer \u00e0 l\u2019une de nos \u00e9quipes de recherche, en participants aux projets mentionn\u00e9s dans la fiche de poste. L&#8217;objectif est de permettre \u00e0 la personne recrut\u00e9e de s&#8217;investir en recherche et d&#8217;augmenter sa production scientifique en collaboration avec l&#8217;une de nos \u00e9quipes.&nbsp;<br>La fiche de poste et les modalit\u00e9s de candidature sont disponibles ici : <a href=\"https:\/\/www.univ-orleans.fr\/fr\/univ\/universite\/travailler-luniversite\/personnels-enseignants-et-chercheurs\/enseignants-0\">http:\/\/www.univ-orleans.fr\/upload\/public\/2024-05\/2024_UFR_ST_LIFO_INFORMATIQUE.pdf<\/a><\/p>\n\n\n\n<p>Il est recommand\u00e9 de prendre contact avec l\u2019\u00e9quipe d\u2019accueil, ainsi qu\u2019avec la direction du d\u00e9partement d\u2019informatique (voir fiche de poste pour les contacts).<\/p>\n\n\n\n<p>Le candidat doit \u00eatre titulaire du doctorat. Le poste est pour 11 mois, renouvelable deux fois un an. La r\u00e9mun\u00e9ration est proche de la grille des ma\u00eetre de conf\u00e9rences, avec une \u00e9ventuelle prise en compte de l\u2019exp\u00e9rience apr\u00e8s la th\u00e8se. Le service d\u2019enseignement sur une ann\u00e9e pleine est de 192h \u00e9quivalent TD (max. 50h compl\u00e9mentaires). Des charges administratives peuvent \u00e9ventuellement \u00eatre confi\u00e9es \u00e0 la personne recrut\u00e9e (ouvrant \u00e0 des \u00e9ventuelles primes).<\/p>\n\n\n\n<h3 class=\"wp-block-heading\">January 2024<\/h3>\n\n\n\n<p>Two postdoctoral researcher positions are available at the University of Orl\u00e9ans, France.<\/p>\n\n\n\n<p>The successful candidates will be members of the LMV team <a href=\"https:\/\/www.univ-orleans.fr\/lifo\/equipes\/lmv\/\">https:\/\/www.univ-orleans.fr\/lifo\/equipes\/lmv\/<\/a> of the Computer Science Laboratory of Orl\u00e9ans (LIFO <a href=\"https:\/\/www.univ-orleans.fr\/lifo\/?lang=en\">https:\/\/www.univ-orleans.fr\/lifo\/?lang=en<\/a>), Orl\u00e9ans site. The city is in the heart of the Loire Valley <a href=\"https:\/\/www.tourisme-orleansmetropole.com\/en\/visit-orleans-get-inspired\/loire-valley\/orleans-in-the-heart-of-the-loire-valley\">https:\/\/www.tourisme-orleansmetropole.com\/en\/visit-orleans-get-inspired\/loire-valley\/orleans-in-the-heart-of-the-loire-valley<\/a>, an outstanding cultural landscape classified as a UNESCO World Heritage Site in 2000.<\/p>\n\n\n\n<h4 class=\"wp-block-heading\">CoMeMoV Project <\/h4>\n\n\n\n<p>A Post-Doctoral position is available as part of the CoMeMoV <a href=\"https:\/\/comemov.github.io\">https:\/\/comemov.github.io<\/a> project between LIFO <a href=\"https:\/\/www.univ-orleans.fr\/lifo\/?lang=en\">https:\/\/www.univ-orleans.fr\/lifo\/?lang=en<\/a> (University of Orleans, France), CEA List <a href=\"https:\/\/list.cea.fr\/en\">https:\/\/list.cea.fr\/en<\/a> and Thales Research and Technology <a href=\"https:\/\/www.thalesgroup.com\/en\/global\/innovation\/research-and-technology\">https:\/\/www.thalesgroup.com\/en\/global\/innovation\/research-and-technology<\/a>. <\/p>\n\n\n\n<p>Frama-C <a href=\"https:\/\/www.frama-c.com\/\">https:\/\/www.frama-c.com\/<\/a> is an extensible and collaborative open-source platform dedicated to source-code analysis of C software. If offers a specification language and various analyzers in the form of separate plugins. The WP plugin of Frama-C can be used to prove that a given C program respects its specification. WP provides a combination of different memory models that collaborate together thanks to a smart but simple partitioning of the memory. On moderately complex, industrial-strength programs, this combination already makes WP mature enough to be deployed for proving critical industrial embedded software. However, several theoretical and practical issues still persist. <\/p>\n\n\n\n<p>The goal of CoMeMoV is to tackle these issues to allow deductive verification with WP to better scale on complex industrial programs. The work of the successful candidate will mainly focus on the formalization and proof of correctness of the proposed collaborative memory models for deductive verification (WP3). <\/p>\n\n\n\n<p>Application requirements: <\/p>\n\n\n\n<p>PhD (obtained or to be obtained soon) in Computer Science <\/p>\n\n\n\n<p>Technical background in formal methods, in particular, in interactive theorem proving <\/p>\n\n\n\n<ul class=\"wp-block-list\">\n<li>Technical background in programming in C<\/li>\n\n\n\n<li>Communication skills and teamwork capabilities<\/li>\n\n\n\n<li>English language fluency in both speaking and writing <\/li>\n<\/ul>\n\n\n\n<p>The position is available immediately. This is a research-only position, for 21 months. Please send the application materials (CV and cover letter) or any questions to Frederic Loulerge . <\/p>\n\n\n\n<p>The deadline for application is <em>December 23, 2023<\/em>.<\/p>\n\n\n\n<h4 class=\"wp-block-heading\">AcceptAlgo Project<\/h4>\n\n\n\n<p>A Post-Doctoral position is available as part of the AcceptAlgo, a two-year project funded by R\u00e9gion Centre Val de Loire. The partners are two institutes of the University of Orleans: the Orleans Economics Laboratory (LEO <a href=\"https:\/\/www.leo-univ-orleans.fr\/en\/\">https:\/\/www.leo-univ-orleans.fr\/en\/<\/a>) and the Computer Science Laboratory of Orleans (LIFO <a href=\"https:\/\/www.univ-orleans.fr\/lifo\/?lang=en\">https:\/\/www.univ-orleans.fr\/lifo\/?lang=en<\/a>).<\/p>\n\n\n\n<p>Individuals have seen their exposure to algorithms increase considerably over the past decade. This exposure is exercised mainly in direct interaction with computers, telephones or other connected objects, during many moments of the social and economic life of individuals, but also in administrative or technical procedures of professionals. Individuals interact with algorithms when searching for information on the internet, when using connected medical devices, when delegating the management of their savings and retirement or when making online purchases. This research project aims to study how individuals evaluate and accept algorithms presented in mathematical form and in simple language form i.e. with words intelligible by individuals. It consists in measuring the acceptability for individuals of the algorithms presented through these simplified explanations.<\/p>\n\n\n\n<p>The role of the postdoctoral researcher in this project is to improve and extend SyDPaCC <a href=\"https:\/\/sydpacc.github.io\">https:\/\/sydpacc.github.io<\/a>, a framework for the Coq proof assistant to develop correct functional scalable parallel programs from sequential specifications.<\/p>\n\n\n\n<p>Application requirements:<\/p>\n\n\n\n<ul class=\"wp-block-list\">\n<li>PhD (obtained or to be obtained soon) in Computer Science<\/li>\n\n\n\n<li>Technical background in formal methods, in particular, in interactive theorem proving<\/li>\n\n\n\n<li>Technical background in scalable parallel programming<\/li>\n\n\n\n<li>Communication skills and teamwork capabilities<\/li>\n\n\n\n<li>English language fluency in both speaking and writing<\/li>\n<\/ul>\n\n\n\n<p>The position is available immediately but may start from Summer 2024. This is a research-only position, for 12 months.<\/p>\n\n\n\n<p>The deadline for application is <em>January 31, 2024<\/em>. <\/p>\n","protected":false},"excerpt":{"rendered":"<p>Open Positions Postdoctoral Researcher or Research Engineer A postdoctoral position is open in the context of the ForCoaLa\u00a0 project. Application here (&#8220;Post-doctorant \/ Ing\u00e9nieur de recherche en m\u00e9thodes formelles appliqu\u00e9s aux langages de gestion de configurations F\/H&#8221;) Ma\u00eetre.sse de conf\u00e9rences at the University of Orl\u00e9ans (IUT 45) Un poste de ma\u00eetre\u2e31sse de conf\u00e9rences&nbsp;(section CNU 27)&nbsp;va &hellip; <a href=\"https:\/\/www.univ-orleans.fr\/lifo\/equipes\/lmv\/index.php\/jobs\/\" class=\"more-link\">Continue reading<span class=\"screen-reader-text\"> &#8220;Jobs&#8221;<\/span><\/a><\/p>\n","protected":false},"author":1,"featured_media":0,"parent":0,"menu_order":0,"comment_status":"closed","ping_status":"closed","template":"","meta":{"footnotes":""},"class_list":["post-795","page","type-page","status-publish","hentry"],"_links":{"self":[{"href":"https:\/\/www.univ-orleans.fr\/lifo\/equipes\/lmv\/index.php\/wp-json\/wp\/v2\/pages\/795","targetHints":{"allow":["GET"]}}],"collection":[{"href":"https:\/\/www.univ-orleans.fr\/lifo\/equipes\/lmv\/index.php\/wp-json\/wp\/v2\/pages"}],"about":[{"href":"https:\/\/www.univ-orleans.fr\/lifo\/equipes\/lmv\/index.php\/wp-json\/wp\/v2\/types\/page"}],"author":[{"embeddable":true,"href":"https:\/\/www.univ-orleans.fr\/lifo\/equipes\/lmv\/index.php\/wp-json\/wp\/v2\/users\/1"}],"replies":[{"embeddable":true,"href":"https:\/\/www.univ-orleans.fr\/lifo\/equipes\/lmv\/index.php\/wp-json\/wp\/v2\/comments?post=795"}],"version-history":[{"count":22,"href":"https:\/\/www.univ-orleans.fr\/lifo\/equipes\/lmv\/index.php\/wp-json\/wp\/v2\/pages\/795\/revisions"}],"predecessor-version":[{"id":1354,"href":"https:\/\/www.univ-orleans.fr\/lifo\/equipes\/lmv\/index.php\/wp-json\/wp\/v2\/pages\/795\/revisions\/1354"}],"wp:attachment":[{"href":"https:\/\/www.univ-orleans.fr\/lifo\/equipes\/lmv\/index.php\/wp-json\/wp\/v2\/media?parent=795"}],"curies":[{"name":"wp","href":"https:\/\/api.w.org\/{rel}","templated":true}]}}