{"id":5,"date":"2018-01-15T17:36:09","date_gmt":"2018-01-15T16:36:09","guid":{"rendered":"https:\/\/www.univ-orleans.fr\/lifo\/evenements\/GT-PVP\/?page_id=5"},"modified":"2024-01-29T16:22:10","modified_gmt":"2024-01-29T15:22:10","slug":"accueil","status":"publish","type":"page","link":"https:\/\/www.univ-orleans.fr\/lifo\/evenements\/GT-PVP\/","title":{"rendered":"Accueil"},"content":{"rendered":"<p><img loading=\"lazy\" class=\"alignnone size-full wp-image-34\" src=\"https:\/\/www.univ-orleans.fr\/lifo\/evenements\/GT-PVP\/wp-content\/uploads\/2019\/06\/cropped-GDR_logo_avectrame_bleu_fond_blanc_cnrs_3960x1352-3.jpg\" alt=\"\" width=\"240\" height=\"81\" \/><\/p>\n<p>La protection de la vie priv\u00e9e (PVP) est devenu un enjeu de soci\u00e9t\u00e9 majeur. En t\u00e9moignent entre autres le nouveau r\u00e8glement europ\u00e9en sur les donn\u00e9es personnelles (adopt\u00e9 en mai 2016), le projet de loi pour une R\u00e9publique num\u00e9rique ainsi que les d\u00e9bats provoqu\u00e9s en 2015 par la loi sur le renseignement. Dans le monde connect\u00e9 o\u00f9 nous vivons d\u00e9sormais, des donn\u00e9es personnelles toujours plus nombreuses sont collect\u00e9es ou g\u00e9n\u00e9r\u00e9es, souvent \u00e0 l\u2019insu des personnes concern\u00e9es. Le traitement de ces donn\u00e9es massives se traduit par un profilage des individus et de s\u00e9rieux risques d\u2019atteinte aux libert\u00e9s individuelles.<\/p>\n<p>De nombreux probl\u00e8mes \u00e9thiques, philosophiques et bien entendu juridiques se posent \u00e0 propos du concept de vie priv\u00e9e et des moyens de sa protection. L\u2019objectif poursuivi dans ce GT n\u2019est pas de r\u00e9soudre de tels probl\u00e8mes, mais d\u2019\u00e9tudier (i) comment ils se traduisent en termes de probl\u00e8mes th\u00e9oriques fondamentaux et (ii) s\u2019ils peuvent donner lieu \u00e0 des r\u00e9alisations informatiques (\u00ab\u00a0Privacy Enhancing Technologies &#8211; PETs\u00a0\u00bb, et \u00ab\u00a0Transparency Enhancing Technologies &#8211; TETs\u00a0\u00bb). Ces instruments techniques doivent \u00eatre con\u00e7us en \u00e9troite interaction avec d\u2019autres disciplines comme le droit, la sociologie et l\u2019\u00e9conomie par exemple.<\/p>\n<p>Parmi les d\u00e9fis \u00e0 aborder figurent notamment celui du contr\u00f4le de l\u2019individu sur ses donn\u00e9es, la transparence dans le traitement, l\u2019acquisition ou le transfert des donn\u00e9es, la responsabilit\u00e9 (ou \u00ab\u00a0accountability\u00a0\u00bb), ou encore l\u2019\u00e9quit\u00e9 de la relation entre l\u2019individu et les fournisseurs de services. En ce qui concerne les traitements, il s\u2019agit bien souvent de techniques d\u2019analyse de donn\u00e9es. On parle alors de \u00abPrivacy-Preserving Publishing\u00bb ou de \u00ab Privacy-Preserving Data Mining\u00bb (PPDM) lorsqu\u2019on souhaite \u00e9tudier la prise en compte de la PVP dans ce domaine.<\/p>\n<p>Les pistes explor\u00e9es par les \u00e9quipes travaillant sur la PVP en France sont assez diverses. Elles incluent des approches cryptographiques ou des approches formelles (logique, graphes, preuve) pour proposer des protocoles ou des architectures permettant de garantir des propri\u00e9t\u00e9s de PVP, des techniques d\u2019interrogation de donn\u00e9es prot\u00e9geant la VP, des techniques de calcul s\u00e9curis\u00e9es (chiffrement homomorphe, r\u00e9seau de confiance ou mat\u00e9riel s\u00e9curis\u00e9).<\/p>\n<p>Les domaines d\u2019application sont tr\u00e8s divers : sant\u00e9, r\u00e9seaux sociaux, applications mobiles, villes intelligentes, compteurs intelligents, objets connect\u00e9s\/IoT, quantified-self, etc.<\/p>\n<p>Les co-responsables du GT sont :<\/p>\n<ul>\n<li>Estelle Cherrier-Pawlowski, GREYC lab \u2013 ENSICAEN\/CNRS<\/li>\n<li><a href=\"https:\/\/perso.citi-lab.fr\/mcunche\/\">Mathieu Cunche<\/a>, INSA Lyon, Lab. CITI<\/li>\n<\/ul>\n","protected":false},"excerpt":{"rendered":"<p>La protection de la vie priv\u00e9e (PVP) est devenu un enjeu de soci\u00e9t\u00e9 majeur. En t\u00e9moignent entre autres le nouveau r\u00e8glement europ\u00e9en sur les donn\u00e9es personnelles (adopt\u00e9 en mai 2016), le projet de loi pour une R\u00e9publique num\u00e9rique ainsi que les d\u00e9bats provoqu\u00e9s en 2015 par la loi sur le renseignement. Dans le monde connect\u00e9 &hellip; <a href=\"https:\/\/www.univ-orleans.fr\/lifo\/evenements\/GT-PVP\/\" class=\"more-link\">Continuer la lecture de <span class=\"screen-reader-text\">Accueil<\/span> <span class=\"meta-nav\">&rarr;<\/span><\/a><\/p>\n","protected":false},"author":1,"featured_media":0,"parent":0,"menu_order":0,"comment_status":"closed","ping_status":"closed","template":"","meta":[],"_links":{"self":[{"href":"https:\/\/www.univ-orleans.fr\/lifo\/evenements\/GT-PVP\/index.php?rest_route=\/wp\/v2\/pages\/5"}],"collection":[{"href":"https:\/\/www.univ-orleans.fr\/lifo\/evenements\/GT-PVP\/index.php?rest_route=\/wp\/v2\/pages"}],"about":[{"href":"https:\/\/www.univ-orleans.fr\/lifo\/evenements\/GT-PVP\/index.php?rest_route=\/wp\/v2\/types\/page"}],"author":[{"embeddable":true,"href":"https:\/\/www.univ-orleans.fr\/lifo\/evenements\/GT-PVP\/index.php?rest_route=\/wp\/v2\/users\/1"}],"replies":[{"embeddable":true,"href":"https:\/\/www.univ-orleans.fr\/lifo\/evenements\/GT-PVP\/index.php?rest_route=%2Fwp%2Fv2%2Fcomments&post=5"}],"version-history":[{"count":12,"href":"https:\/\/www.univ-orleans.fr\/lifo\/evenements\/GT-PVP\/index.php?rest_route=\/wp\/v2\/pages\/5\/revisions"}],"predecessor-version":[{"id":189,"href":"https:\/\/www.univ-orleans.fr\/lifo\/evenements\/GT-PVP\/index.php?rest_route=\/wp\/v2\/pages\/5\/revisions\/189"}],"wp:attachment":[{"href":"https:\/\/www.univ-orleans.fr\/lifo\/evenements\/GT-PVP\/index.php?rest_route=%2Fwp%2Fv2%2Fmedia&parent=5"}],"curies":[{"name":"wp","href":"https:\/\/api.w.org\/{rel}","templated":true}]}}

<p><img loading="lazy" class="alignnone size-full wp-image-34" src="https://www.univ-orleans.fr/lifo/evenements/GT-PVP/wp-content/uploads/2019/06/cropped-GDR_logo_avectrame_bleu_fond_blanc_cnrs_3960x1352-3.jpg" alt="" width="240" height="81" /></p>
<p>La protection de la vie privée (PVP) est devenu un enjeu de société majeur. En témoignent entre autres le nouveau règlement européen sur les données personnelles (adopté en mai 2016), le projet de loi pour une République numérique ainsi que les débats provoqués en 2015 par la loi sur le renseignement. Dans le monde connecté où nous vivons désormais, des données personnelles toujours plus nombreuses sont collectées ou générées, souvent à l’insu des personnes concernées. Le traitement de ces données massives se traduit par un profilage des individus et de sérieux risques d’atteinte aux libertés individuelles.</p>
<p>De nombreux problèmes éthiques, philosophiques et bien entendu juridiques se posent à propos du concept de vie privée et des moyens de sa protection. L’objectif poursuivi dans ce GT n’est pas de résoudre de tels problèmes, mais d’étudier (i) comment ils se traduisent en termes de problèmes théoriques fondamentaux et (ii) s’ils peuvent donner lieu à des réalisations informatiques (« Privacy Enhancing Technologies &#8211; PETs », et « Transparency Enhancing Technologies &#8211; TETs »). Ces instruments techniques doivent être conçus en étroite interaction avec d’autres disciplines comme le droit, la sociologie et l’économie par exemple.</p>
<p>Parmi les défis à aborder figurent notamment celui du contrôle de l’individu sur ses données, la transparence dans le traitement, l’acquisition ou le transfert des données, la responsabilité (ou « accountability »), ou encore l’équité de la relation entre l’individu et les fournisseurs de services. En ce qui concerne les traitements, il s’agit bien souvent de techniques d’analyse de données. On parle alors de «Privacy-Preserving Publishing» ou de « Privacy-Preserving Data Mining» (PPDM) lorsqu’on souhaite étudier la prise en compte de la PVP dans ce domaine.</p>
<p>Les pistes explorées par les équipes travaillant sur la PVP en France sont assez diverses. Elles incluent des approches cryptographiques ou des approches formelles (logique, graphes, preuve) pour proposer des protocoles ou des architectures permettant de garantir des propriétés de PVP, des techniques d’interrogation de données protégeant la VP, des techniques de calcul sécurisées (chiffrement homomorphe, réseau de confiance ou matériel sécurisé).</p>
<p>Les domaines d’application sont très divers : santé, réseaux sociaux, applications mobiles, villes intelligentes, compteurs intelligents, objets connectés/IoT, quantified-self, etc.</p>
<p>Les co-responsables du GT sont :</p>
<ul>
<li>Estelle Cherrier-Pawlowski, GREYC lab – ENSICAEN/CNRS</li>
<li><a href="https://perso.citi-lab.fr/mcunche/">Mathieu Cunche</a>, INSA Lyon, Lab. CITI</li>
</ul>

<p>La protection de la vie privée (PVP) est devenu un enjeu de société majeur. En témoignent entre autres le nouveau règlement européen sur les données personnelles (adopté en mai 2016), le projet de loi pour une République numérique ainsi que les débats provoqués en 2015 par la loi sur le renseignement. Dans le monde connecté &hellip; <a href="https://www.univ-orleans.fr/lifo/evenements/GT-PVP/" class="more-link">Continuer la lecture de <span class="screen-reader-text">Accueil</span> <span class="meta-nav">&rarr;</span></a></p>
